7?
3
What is the thousands digit of 8423897?
3
What is the thousands digit of 2238510?
8
What is the millions digit of 6556742?
6
What is the ten thousands digit of 384890?
8
What is the hundred thousands digit of 214889?
2
What is the units digit of 618246?
6
What is the units digit of 1137981?
1
What is the hundred thousands digit of 3827589?
8
What is the hundred thousands digit of 33420152?
4
What is the units digit of 1226973?
3
What is the hundred thousands digit of 123506?
1
What is the millions digit of 12791823?
2
What is the ten thousands digit of 8317083?
1
What is the units digit of 2087008?
8
What is the hundreds digit of 384219?
2
What is the tens digit of 293350?
5
What is the units digit of 339229?
9
What is the tens digit of 852901?
0
What is the hundreds digit of 393383?
3
What is the tens digit of 212344?
4
What is the thousands digit of 8137833?
7
What is the hundreds digit of 33489?
4
What is the hundred thousands digit of 114444?
1
What is the hundred thousands digit of 302120?
3
What is the units digit of 4760962?
2
What is the hundreds digit of 1240645?
6
What is the thousands digit of 2938134?
8
What is the hundred thousands digit of 2609422?
6
What is the millions digit of 5377271?
5
What is the hundreds digit of 235190?
1
What is the millions digit of 10207445?
0
What is the tens digit of 5181186?
8
What is the tens digit of 1296530?
3
What is the hundreds digit of 804448?
4
What is the hundreds digit of 244784?
7
What is the hundreds digit of 588138?
1
What is the thousands digit of 1824498?
4
What is the thousands digit of 30489273?
9
What is the hundreds digit of 454095?
0
What is the hundred thousands digit of 35028567?
0
What is the ten thousands digit of 64537?
6
What is the hundred thousands digit of 1158135?
1
What is the units digit of 609761?
1
What is the units digit of 2149400?
0
What is the tens digit of 1468291?
9
What is the hundreds digit of 270085?
0
What is the thousands digit of 1212957?
2
What is the hundreds digit of 11607?
6
What is the hundred thousands digit of 5546714?
5
What is the units digit of 836049?
9
What is the hundreds digit of 28752182?
1
What is the hundreds digit of 249049?
0
What is the tens digit of 502046?
4
What is the tens digit of 432595?
9
What is the tens digit of 11303114?
1
What is the hundreds digit of 3127469?
4
What is the thousands digit of 130606?
0
What is the hundreds digit of 5317341?
3
What is the thousands digit of 475098?
5
What is the thousands digit of 277747?
7
What is the hundred thousands digit of 9449540?
4
What is the thousands digit of 104317?
4
What is the units digit of 224521?
1
What is the ten thousands digit of 1897472?
9
What is the units digit of 388843?
3
What is the ten thousands digit of 121889?
2
What is the hundreds digit of 237732?
7
What is the tens digit of 11076344?
4
What is the tens digit of 7918055?
5
What is the tens digit of 76753?
5
What is the hundreds digit of 8376906?
9
What is the units digit of 205942?
2
What is the tens digit of 98980?
8
What is the ten thousands digit of 2465329?
6
What is the tens digit of 3907235?
3
What is the hundred thousands digit of 37484411?
4
What is the units digit of 851712?
2
What is the units digit of 2026285?
5
What is the millions digit of 2721494?
2
What is the ten thousands digit of 768355?
6
What is the hundred thousands digit of 4087285?
0
What is the thousands digit of 453062?
3
What is the ten thousands digit of 54907?
5
What is the hundred thousands digit of 375090?
3
What is the units digit of 787963?
3
What is the millions digit of 1334822?
1
What is the thousands digit of 679167?
9
What is the ten thousands digit of 1122827?
2
What is the ten thousands digit of 485885?
8
What is the hundred thousands digit of 1019755?
0
What is the millions digit of 2209369?
2
What is the thousands digit of 24076?
4
What is the hundred thousands digit of 1819802?
8
What is the tens digit of 252689?
8
What is the thousands digit of 47407?
7
What is the thousands digit of 778713?
8
What is the hundreds digit of 340353?
3
What is the millions digit of 1389236?
1
What is the hundred thousands digit of 216470?
2
What is the millions digit of 3039410?
3
What is the tens digit of 25063208?
0
What is the units digit of 176078?
8
What is the ten thousands digit of 53612?
5
What is the ten thousands digit of 192560?
9
What is the units digit of 18796?
6
What is the hundred thousands digit of 448395?
4
What is the ten thousands digit of 9910422?
1
What is the millions digit of 6711672?
6
What is the thousands digit of 189594?
9
What is the ten thousands digit of 293698?
9
What is the ten thousands digit of 1829606?
2
What is the hundreds digit of 7271484?
4
What is the units digit of 875773?
3
What is the ten thousands digit of 917269?
1
What is the thousands digit of 696494?
6
What is the ten millions digit of 18165910?
1
What is the thousands digit of 264767?
4
What is the units digit of 1857454?
4
What is the units digit of 64640?
0
What is the ten millions digit of 22502416?
2
What is the tens digit of 4455281?
8
What is the units digit of 83086?
6
What is the thousands digit of 375488?
5
What is the ten millions digit of 10640809?
1
What is the hundreds digit of 4263811?
8
What is the ten thousands digit of 1362796?
6
What is the ten thousands digit of 13848119?
4
What is the hundred thousands digit of 587035?
5
What is the units digit of 290786?
6
What is the units digit of 4721941?
1
What is the hundred thousands digit of 1112244?
1
What is the tens digit of 1601814?
1
What is the hundreds digit of 609554?
5
What is the hundreds digit of 4791145?
1
What is the ten thousands digit of 16007170?
0
What is the tens digit of 943924?
2
What is the tens digit of 3538910?
1
What is the ten thousands digit of 319297?
1
What is the units digit of 167?
7
What is the hundred thousands digit of 225234?
2
What is the ten thousands digit of 1650762?
5
What is the hundreds digit of 567440?
4
What is the units digit of 714576?
6
What is the hundred thousands digit of 118859?
1
What is the thousands digit of 9632513?
2
What is the thousands digit of 483141?
3
What is the millions digit of 1922596?
1
What is the tens digit of 1533584?
8
What is the tens digit of 513643?
4
What is the ten thousands digit of 1501077?
0
What is the thousands digit of 137867?
7
What is the hundred thousands digit of 2499015?
4
What is the ten thousands digit of 24324374?
2
What is the millions digit of 7270846?
7
What is the units digit of 2102009?
9
What is the tens digit of 242930?
3
What is the thousands digit of 266089?
6
What is the millions digit of 8370626?
8
What is the tens digit of 43946?
4
What is the thousands digit of 9186937?
6
What is the hundred thousands digit of 1231735?
2
What is the units digit of 4831483?
3
What is the hundreds digit of 3823406?
4
What is the hundred thousands digit of 2423933?
4
What is the units digit of 846357?
7
What is the thousands digit of 2112305?
2
What is the ten thousands digit of 366806?
6
What is the millions digit of 1085939?
1
What is the units digit of 306711?
1
What is the hundreds digit of 883148?
1
What is the ten thousands digit of 235563?
3
What is the hundred thousands digit of 3558391?
5
What is the thousands digit of 720839?
0
What is the thousands digit of 1341147?
1
What is the ten thousands digit of 21121?
2
What is the millions digit of 2350008?
2
What is the hundred thousands digit of 6680939?
6
What is the thousands digit of 116864?
6
What is the hundred thousands digit of 3956102?
9
What is the thousands digit of 1711404?
1
What is the thousands digit of 189712?
9
What is the ten thousands digit of 51621?
5
What is the thousands digit of 8535014?
5
What is the units digit of 2848657?
7
What is the hundreds digit of 15561726?
7
What is the millions digit of 9726822?
9
What is the thousands digit of 144287?
4
What is the millions digit of 1293890?
1
What is the tens digit of 53094?
9
What is the units digit of 33582352?
2
What is the hundred thousands digit of 2754173?
7
What is the millions digit of 20114600?
0
What is the hundreds digit of 341294?
2
What is the units digit of 335819?
9
What is the hundred thousands digit of 195039?
1
What is the thousands digit of 38631